 - 0*(-2 + 3)?
3
Suppose 1322*o - 1316*o + 24 = 0. Let k(l) = 1 - 6*l - l**3 + 4 - 6*l**2 + 2*l**2. What is the remainder when k(o) is divided by 10?
9
Let g(w) = -w**3 - 10*w**2 - 16*w + 4. Let c be g(-8). Let r = -19 + 42. What is the remainder when 54/c*120/18 is divided by r?
21
Suppose -3*x = 2*x - w + 302, -x + 5*w = 70. Let t = x - -66. Calculate the remainder when 25 is divided by t.
1
Let v = 393 - 325. Calculate the remainder when 266 is divided by v.
62
Let x(m) = 25*m - 195. What is the remainder when 65 is divided by x(8)?
0
Suppose 5*n - 8*g - 310 = -13*g, 4*g = 5*n - 328. What is the remainder when n is divided by 16?
0
Suppose -4*l + 676 + 664 = 2*s, -4*l = 5*s - 1334. Calculate the remainder when l is divided by 31.
26
Let w(k) = -k**3 + 4*k**2 + 21*k - 14. Calculate the remainder when w(6) is divided by 15.
10
Let w = -30 - -43. Suppose -6*a - 49 = -i - a, 23 = 2*i + 5*a. Calculate the remainder when i is divided by w.
11
Let y(n) = -6*n - 36. Let t be y(-6). Suppose t = -6*j + 15*j - 648. Calculate the remainder when j is divided by 25.
22
Suppose 5*t = -20, -z + t + 391 = 137. Calculate the remainder when z is divided by 36.
34
Suppose 3*o = -3*i + 186, -9*i + 11*i - 122 = -3*o. What is the remainder when i is divided by 23?
18
Let r = 110 - 78. Let g = 9 - 1. What is the remainder when r is divided by 84/g + 1/2?
10
Let j(h) = 116*h**2 + 2*h + 2. Calculate the remainder when j(1) is divided by 17.
1
Let u(j) = 2*j**3 + j**2 + j. Let y be (5/(-10))/((-1)/(-14)). What is the remainder when u(2) is divided by 320/56 + (-2)/y?
4
Let a be 36/(-90) - 162/(-5). Let k = 42 - a. What is the remainder when k is divided by 4?
2
Let t = 5 + -7. Let s(w) = -2*w - 2. Let q be s(t). Suppose 0 = -4*f + 3*n + 19, -q*n = 4*f - n - 15. Calculate the remainder when 17 is divided by f.
1
Let k(j) = 6*j**2 + 45*j - 12. Calculate the remainder when k(-9) is divided by 4.
1
Let f = -1639 + 1742. What is the remainder when 231 is divided by f?
25
Let p(o) = -4*o + 2. Let w be p(0). Suppose 5*c + w - 125 = -4*z, 2*c - 5*z = 69. What is the remainder when 106 is divided by c?
25
Let w = -1311 - -1342. Calculate the remainder when 525 is divided by w.
29
Let m(r) = 10*r - 204. What is the remainder when (-1)/(-3) - (-1480)/24 is divided by m(22)?
14
Let h be ((-1)/(-2))/(3/36). Calculate the remainder when 19 is divided by h/(-3)*(-5)/2*1.
4
Let f be (4/8 + 1)/(9/6). What is the remainder when 30 is divided by ((-1)/2*-2)/(f/16)?
14
Let h = -2689 + 2697. Calculate the remainder when 91 is divided by h.
3
Suppose -5*t + 8 - 33 = 0, 4*y = -5*t + 95. Calculate the remainder when 237 is divided by y.
27
Let c(l) = 2*l**3 + 16*l**2 + 7*l - 7. Calculate the remainder when c(-6) is divided by 20.
15
Suppose 2*s + 0*s + 110 = 0. Let n = 105 + s. Suppose -3*p - 2*t = t - 33, 2*p - 5*t = 36. What is the remainder when n is divided by p?
11
Let l(g) be the first derivative of g**3/3 - 3*g**2 + 6*g + 8. Calculate the remainder when l(6) is divided by 4.
2
Let j(o) = o**3 + 29*o**2 + 95*o - 51. Calculate the remainder when 92 is divided by j(-25).
18
Let x(g) = 2*g + 185. What is the remainder when x(-39) is divided by 10?
7
Let z(y) = 4*y**2 + 4*y - 2. Let u be z(-5). Suppose -2*c = -3*c - u. Let t = c - -176. What is the remainder when t is divided by 25?
23
Let g = 375 - 363. Suppose 71 = 3*i - z - 3*z, 3*z + 48 = 2*i. Calculate the remainder when i is divided by g.
9
Suppose -6*q = 251 - 323. Calculate the remainder when 131 is divided by q.
11
Let d be (-28)/(33/11 - (3 + 1)). Let u = d - 23. Let b = 39 - 21. Calculate the remainder when b is divided by u.
3
Let d = -33 - -55. Suppose -5*j + 27 = -3. What is the remainder when d is divided by j?
4
Let b = -67 - -76. Let n be (23 - -4)*4/6. Let j = 13 + n. What is the remainder when j is divided by b?
4
Let v = 211 + 49. Calculate the remainder when v is divided by 29.
28
Suppose -2 = h, 2*v = -2*h + h + 10. What is the remainder when (-23 + v + -2)*-3 is divided by 12?
9
Suppose -q - 3*i = i + 42, -5*q - 115 = i. Let n = -10 - q. Calculate the remainder when 20 is divided by n.
8
Suppose -4*w - 4*p + 9*p + 251 = 0, -3*w - 2*p = -171. Calculate the remainder when 353 is divided by w.
58
Let b = 47 + -8. Calculate the remainder when 77 is divided by b.
38
Suppose 2*s = -34 + 100. Calculate the remainder when ((-29)/(-5) - 1)/(18/855) is divided by s.
30
Let b = 3277 - 3273. Let f(m) = 3*m. What is the remainder when f(5) is divided by b?
3
Let b(h) = -h + 5. Let t be b(0). Suppose -7*f + 0 = -0. Suppose 2*c + 3*q - 4*q - 35 = f, -t*q + 49 = 4*c. Calculate the remainder when 27 is divided by c.
11
Suppose 10*h - 17 - 13 = 0. What is the remainder when 8 is divided by 3*(-3 + h - -1)?
2
Let f be 14/21*(-1 - 11). Let r = f - -27. Calculate the remainder when 33 is divided by r.
14
Suppose -3*b + 309 = -18*d + 14*d, 0 = -b - 3*d + 103. Calculate the remainder when b is divided by 38.
27
Let u = 1162 - 1124. Calculate the remainder when u is divided by 6.
2
Let w(a) = -19*a**3 + 20*a**3 + 3*a**2 - 4*a**2 + 1 + 3*a - 5. What is the remainder when w(3) is divided by -1*(-1 + -11) + 1?
10
Let x = 2676 + -2652. Calculate the remainder when 548 is divided by x.
20
Let d(y) = -y**2 - 12*y - 15. Let w be d(-10). Suppose -3*o + 28 = -w*g, -5*g - 26 = -3*o - g. Calculate the remainder when 17 is divided by o.
5
Let h = -6 - -10. Let m be (6/h)/((-15)/(-20)). Let y = 33 + m. Calculate the remainder when y is divided by 9.
8
What is the remainder when 1380/23 + (1 + 4 - -1) is divided by 10?
6
Let c(r) = -4*r - 6. Suppose 6*v = 116 + 130. What is the remainder when v is divided by c(-5)?
13
Suppose -152*f + 307*f - 161*f = -72. Let g = 0 + 4. Suppose g*d = -d + 15. What is the remainder when f is divided by d?
0
Let a(u) = 3*u + 14. What is the remainder when 151 is divided by a(8)?
37
Let x(u) = 6*u - 41. Let c = 4 - 2. Suppose -10 + c = -w. What is the remainder when x(12) is divided by w?
7
Let y(n) = -n**3 + 40*n**2 - 77*n + 56. Let h = -25 + 16. Calculate the remainder when y(38) is divided by 6/h - 70/(-6).
7
Suppose -w = 3*m + 3, m + 0 = 3*w + 9. Let f be m*((-4)/(-8) + -1). Let t(c) = -2*c + 30. Calculate the remainder when 89 is divided by t(f).
29
Let o(u) = u**3 + 8*u**2 - 4*u + 19. Let d be o(-8). Let n = d - 30. Calculate the remainder when 39 is divided by n.
18
Let u(g) = g**3 - 66*g**2 - 137*g + 101. What is the remainder when 97 is divided by u(68)?
31
Suppose d + d + 51 = 3*y, 4*y - 3*d - 67 = 0. Calculate the remainder when 128 is divided by y.
14
Calculate the remainder when (-2)/5 + 262/5 is divided by -7 + 7 + 29 - (2 + 0).
25
Let o(r) = 2*r**2 + 23*r - 13. Suppose 4*f = -f - 85. Calculate the remainder when o(f) is divided by 44.
42
Suppose -3 = 3*o + 3. Let w be 1 + (o/(-2) - 0). Suppose -w*j = -5*s - 35, -106 + 32 = -5*j - s. Calculate the remainder when j is divided by 9.
6
Let u = 122 - 59. Suppose 0 = 5*n + 3 - u. Suppose -4*d - 19 = -s, 0 + n = -3*d. What is the remainder when s is divided by 2?
1
Calculate the remainder when (-16)/(-40) + 3192/20 is divided by 30.
10
Let p be (-30)/45 - (-188)/3. Let r be 1*(-42 + -3 + 2). Let i = r + p. Calculate the remainder when i is divided by 8.
3
What is the remainder when (-2)/10 - (-12614)/70 is divided by 61?
58
Let j(c) = -c + 1. Let d(q) = -41*q - 4. Let o(b) = d(b) + 6*j(b). What is the remainder when o(-3) is divided by 36?
35
Suppose -t = -4*n + 257, -45*t + 47*t + 254 = 4*n. What is the remainder when n is divided by 35?
30
Suppose 16*r = 19*r - 432. Suppose 4*v - 100 = -3*q + r, 72 = v - 2*q. Suppose 35 = 2*z - b, 5*z - 43 = -4*b + v. What is the remainder when z is divided by 11?
8
Let m be 5 - -155 - 2/(-1). Suppose -4*n = 2*d - m, 0 = -5*d + n - 3*n + 421. What is the remainder when d is divided by 29?
27
Let m = -3563 + 3585. What is the remainder when (0 - 1)/(1/(-43)) is divided by m?
21
Let s(j) = j - 1. Let o(b) = -4*b + 15. Let p(h) = -o(h) - 6*s(h). Calculate the remainder when 14 is divided by p(-7).
4
Let d = -32 + 34. Suppose 5*a - 59 = -d*g, -7*a + 4 = -3*a. Calculate the remainder when 106 is divided by g.
25
Suppose 3*r - 7*r = -2*u, 3*u + 2*r = -40. Let w(h) = -6*h - 38. Calculate the remainder when 41 is divided by w(u).
19